).
38
Let s(k) = -780*k + 13262. What is s(17)?
2
Let w(n) = -n**3 + 31*n**2 + 269*n - 119. What is w(38)?
-5
Let s(o) = 4*o - 567. What is s(92)?
-199
Let x(m) = 1633*m + 14690. What is x(-9)?
-7
Let w(r) = -6*r**2 - 773*r + 157. What is w(-129)?
28
Let t(s) = 5*s**3 - 3*s**2 - 9*s + 7. Calculate t(3).
88
Let z(m) = -3*m**2 - 10*m - 45. Determine z(-3).
-42
Let d(j) = j**3 - 319*j + 1213. Calculate d(4).
1
Let a(q) = 20*q - 560. Determine a(23).
-100
Let p(w) = -w**2 - 2115*w + 19217. Give p(9).
101
Let c(m) = m**2 - 75*m + 790. Determine c(14).
-64
Let y(c) = -c**2 + 168*c - 1274. What is y(8)?
6
Let m(w) = -w**3 - 18*w**2 - 90*w - 2080. Calculate m(-19).
-9
Let s(u) = -2*u**2 - 47*u + 51. Determine s(-24).
27
Let f(a) = 18*a**2 + 117*a + 58. What is f(-6)?
4
Let m(o) = -2*o**2 - 27*o + 216. What is m(9)?
-189
Let m(n) = -19*n**3 - n**2 + 4*n - 5. Determine m(2).
-153
Let v(k) = -8*k**3 - 126*k**2 + 28*k - 97. What is v(-16)?
-33
Let l(v) = -6*v**3 + 20*v**2 - 15*v + 13. Give l(2).
15
Let u(r) = -2*r**3 + 3*r**2 + 488*r - 1952. Give u(4).
-80
Let l(y) = -84*y - 162. Calculate l(-5).
258
Let m(l) = 598*l - 85. Calculate m(-1).
-683
Let u(o) = o**3 - 139*o**2 - 194*o + 7555. Calculate u(140).
-5
Let f(o) = -o**2 - 243*o - 1409. Calculate f(-6).
13
Let u(l) = 4*l**2 - 36*l - 1762. Calculate u(-17).
6
Let c(u) = -2*u**2 - 166*u + 193. Calculate c(-84).
25
Let h(l) = -l**3 + 6*l**2 + 898*l - 232. What is h(33)?
-1
Let p(g) = g**3 + 26*g**2 + 65*g + 21. Determine p(-10).
971
Let q(d) = -d**2 + 55*d + 582. Calculate q(63).
78
Let c(a) = 2*a**2 + 174*a - 4625. Calculate c(21).
-89
Let y(u) = -4*u**3 + 37*u**2 - 6*u + 11. What is y(9)?
38
Let c(f) = 155*f - 6658. Calculate c(43).
7
Let o(x) = -44*x - 1606. Determine o(-39).
110
Let h(o) = -114*o + 4803. Determine h(42).
15
Let q(m) = 3*m**3 + 46*m**2 - 274*m - 4326. Calculate q(-15).
9
Let f(r) = 3*r**2 + 393*r - 781. Determine f(2).
17
Let v(d) = d**3 + 3*d**2 - 506*d - 2547. What is v(-5)?
-67
Let w(z) = 2*z**3 + 13*z**2 + 24*z + 18. What is w(-4)?
2
Let a(h) = 61*h - 421. Determine a(7).
6
Let d(k) = k**2 + 54*k + 27. Determine d(-58).
259
Let f(j) = 2*j**3 + 153*j**2 - 41*j + 2795. Determine f(-77).
23
Let i(c) = -c**2 + 40*c + 1997. Give i(-29).
-4
Let o(u) = -2*u**3 + 56*u**2 + 59*u + 1. Determine o(29).
30
Let k(i) = 403*i + 4854. What is k(-12)?
18
Let j(s) = 247*s**2 + 1733*s + 15. Give j(-7).
-13
Let g(o) = o**2 - 5*o + 18. Give g(17).
222
Let w(m) = m**3 - 11*m**2 - 436*m + 136. Determine w(27).
28
Let n(g) = 2*g**3 - 74*g**2 + 68*g + 14. Determine n(36).
-130
Let j(f) = 4*f**2 + 88*f - 456. Determine j(5).
84
Let n(l) = l**3 + 9*l**2 - 104*l + 5009. Give n(-23).
-5
Let r(h) = 1795*h - 21546. Give r(12).
-6
Let q(p) = 34*p - 345. Calculate q(10).
-5
Let g(l) = 54*l + 34. What is g(2)?
142
Let i(a) = 787*a - 4718. Give i(6).
4
Let k(r) = 28*r**2 + 6*r + 7. Determine k(-1).
29
Let s(d) = -370*d - 2963. Calculate s(-8).
-3
Let q(g) = 9*g + 135. Give q(-13).
18
Let h(n) = 2460*n - 14757. Calculate h(6).
3
Let g(s) = 28*s - 647. Determine g(24).
25
Let s(z) = z**2 + 12*z - 74. What is s(-17)?
11
Let l(w) = -w**3 - 23*w**2 - 87*w + 549. Give l(-12).
9
Let u(p) = -13*p + 392. Determine u(46).
-206
Let i(g) = g**3 - 11*g**2 - 102*g. Calculate i(-6).
0
Let x(m) = 8*m**3 - 23*m**2 - 17. Calculate x(3).
-8
Let a(z) = -823*z**2 + 6593*z - 68. What is a(8)?
4
Let w(v) = -42*v**3 + 3*v**2 + 11*v + 22. Calculate w(-2).
348
Let y(p) = 2*p**2 - 2*p - 105. What is y(-7)?
7
Let w(k) = -828*k - 848. What is w(-1)?
-20
Let j(p) = -4*p**3 - 26*p**2 + 3*p - 80. Determine j(-7).
-3
Let x(o) = -4*o**2 - 183*o - 129. Determine x(-45).
6
Let i(s) = -5*s**2 + 75*s + 81. Calculate i(16).
1
Let z(t) = -88*t - 4348. Give z(-47).
-212
Let l(p) = -14*p**3 - 27*p**2 - 94*p - 189. Determine l(-2).
3
Let k(o) = -12*o**2 + 287*o + 311. What is k(25)?
-14
Let z(y) = -3*y**3 + 236*y**2 + 88*y - 703. What is z(79)?
8
Let q(g) = 717*g + 35119. Give q(-49).
-14
Let l(b) = b**3 + 3*b**2 + 111*b - 393. Give l(3).
-6
Let k(y) = -y**3 + 6*y**2 - 20*y - 2. Calculate k(6).
-122
Let d(f) = -f**3 - 6*f**2 + 156*f - 66. Calculate d(-16).
-2
Let k(j) = j**3 - 13*j**2 - 6*j + 222. Give k(12).
6
Let d(j) = 36*j + 2681. Determine d(-75).
-19
Let s(j) = -3*j**2 + 16*j + 386. Determine s(-9).
-1
Let w(u) = -u**3 - 47*u**2 + 2*u + 65. Calculate w(-47).
-29
Let u(k) = k**3 + 29*k**2 + 5*k + 16. What is u(-29)?
-129
Let l(y) = 14*y**2 + 36*y - 8. Determine l(-3).
10
Let c(s) = 61*s - 5123. What is c(84)?
1
Let j(h) = h**3 - 12*h**2 - 22*h + 60. What is j(13)?
-57
Let z(g) = g**2 + 2*g - 117. Determine z(34).
1107
Let z(n) = 5*n**2 + 48*n - 74. Give z(-11).
3
Let v(w) = -111*w**2 + 1220*w + 8. Calculate v(11).
-3
Let p(q) = -q**2 - 76*q + 235. Calculate p(-79).
-2
Let d(o) = -o**3 - 7*o**2 + 809*o + 2453. What is d(-3)?
-10
Let p(j) = j**2 - 93*j + 349. What is p(89)?
-7
Let o(q) = -q**3 + 35*q**2 - 247*q + 5980. Give o(33).
7
Let f(i) = 2*i**3 + 317*i**2 + 141*i - 2729. Give f(-158).
-43
Let d(q) = 2*q**3 - 16*q + 5. What is d(3)?
11
Let u(k) = k - 157. What is u(-7)?
-164
Let g(s) = -s**2 - 39*s + 1873. Calculate g(28).
-3
Let l(o) = o**3 - 120*o**2 + 3161*o + 25. Determine l(39).
103
Let t(s) = s**2 - 136*s + 4238. Calculate t(48).
14
Let p(l) = -32*l + 325. Determine p(5).
165
Let o(i) = -2*i**3 + 149*i**2 + 100*i - 12894. Calculate o(74).
-18
Let t(b) = -15*b - 115. What is t(-20)?
185
Let a(k) = -64*k - 136. Determine a(5).
-456
Let z(q) = q**2 - 309*q + 3842. Calculate z(13).
-6
Let m(c) = -c**3 - 81*c**2 - 232*c + 154. Calculate m(-78).
-2
Let q(s) = s**3 - 3*s - 12. Determine q(0).
-12
Let r(n) = 4*n**2 + 197*n - 608. Give r(3).
19
Let h(z) = -z**3 - 5*z**2 + 17*z - 15. Determine h(-8).
41
Let d(m) = -3*m**2 + 165*m - 332. What is d(53)?
-14
Let a(g) = 45*g - 378. What is a(8)?
-18
Let d(w) = -w**3 + 159*w**2 - 2659*w - 152. Calculate d(140).
-12
Let o(c) = c**2 + 22*c + 55. Calculate o(-8).
-57
Let x(w) = -13*w**3 + 2*w**2 - 4*w + 1. Calculate x(2).
-103
Let i(c) = -c**3 - 12*c**2 - 32*c - 475. Calculate i(-12).
-91
Let l(s) = 6*s**3 - 7*s**2 + 13*s. What is l(3)?
138
Let y(w) = -17*w**2 + 62*w - 167. What is y(3)?
-134
Let l(q) = 154*q**2 - 121*q - 8. Give l(1).
25
Let s(k) = -3*k**3 - 7*k**2 + 8*k + 11. What is s(2)?
-25
Let q(c) = -c**2 - 281*c + 59504. Determine q(-422).
2
Let v(d) = 709*d - 23386. Determine v(33).
11
Let b(k) = 357*k + 26413. Calculate b(-74).
-5
Let g(q) = q**3 + 9*q**2 + 20*q - 8. Give g(-5).
-8
Let r(m) = m**3 - 9*m**2 + 30*m - 222. Calculate r(8).
-46
Let p(s) = -s**3 + 5*s - 43. Calculate p(-4).
1
Let p(v) = v**3 + 8*v**2 - 58*v - 453. Determine p(-8).
11
Let c(z) = -z**3 - 10*z**2 - 17*z + 17. Calculate c(-8).
25
Let t(y) = -12*y**2 - 4*y - 32. Give t(-4).
-208
Let n(x) = -17*x - 1217. What is n(-78)?
109
Let o(b) = 31*b + 300. Determine o(-7).
83
Let t(l) = -8*l**2 + 483*l - 2372. What is t(55)?
-7
Let l(b) = -b**3 - 5*b**2 - 375*b - 2728. Determine l(-7).
-5
Let m(g) = g**2 - 205*g - 3981. Give m(223).
33
Let i(b) = b**3 + 43*b**2 - 40*b + 167. What is i(-44)?
-9
Let m(i) = 102*i - 2147. What is m(21)?
-5
Let j(g) = -3*g**3 - 33*g**2 + 35*g - 5. What is j(-12)?
7
Let n(g) = -34752*g + 69509. Determine n(2).
5
Let t(x) = -2*x**3 - 14*x**2 - 16*x + 29. Determine t(-6).
53
Let b(t) = -t**3 + 10*t**2 + 22*t - 290. What is b(9)?
-11
Let g(q) = -544*q - 8678. Calculate g(-16).
26
Let m(b) = 3*b**3 - 236*b**2 + 168*b - 872. Calculate m(78).
64
Let x(z) = 6*z - 102. What is x(12)?
-30
Let c(r) = 6*r**2 - 70*r - 301. What is c(-4)?
75
Let i(j) = -j**3 + 15*j**2 + 36*j + 47. Calculate i(17).
81
Let c(v) = -106*v**2 - 4*v + 2. Give c(1).
-108
Let x(g) = g**2 + 17*g - 146. What is x(6)?
-8
Let a(l) = 2*l**2 + 363*l + 12377. Give a(-136).
1
Let k(m) = -19*m**2 - 25*m - 26. Calculate k(-1).
-20
Let y(u) = -u**3 - 38*u**2 - 101*u + 110. Calculate y(-35).
-30
Let r(c) = 16*c + 228. Determine r(-17).
-44
Let f(b) = -2*b**3 + 30*b**2 - 69*b + 14. Calculate f(12).
50
Let r(h) = h**3 + 34*h**2 + 74*h + 356. Determine r(-32).
36
Let g(f) = -294*f + 2716. Give g(11).
-518
Let d(z) = 335*z + 9446. Give d(-28).
66
Let m(a) = -a**3 - 55*a**2 - 251*a - 131. What is m(-50)?
-81
Let a(s) = -s**3 - 6*s**2 + 33*s + 48. Determine a(-9)